5
Let k(j) = j. Let a(x) = -6*x + 2. Let z(s) = -a(s) - 5*k(s). What is z(3)?
1
Suppose 3*n + 35 = 8*n. Let x(d) = 0*d**3 + d**3 - n + 2*d**2 - 2*d**2. Give x(0).
-7
Let c(q) be the third derivative of -q**5/60 + q**4/8 + 5*q**3/6 + 5*q**2. Determine c(5).
-5
Let j(n) = -2*n**2 + 1. Let g be 6/27 - (-14)/18. Let u = 6 - g. Suppose -u = -x - 3. What is j(x)?
-7
Suppose 5*q + 4*v = 5, q - 1 = 3*v + 2*v. Let i(g) = g**3 - g + 1. Give i(q).
1
Let u(r) = r - 3 + 0 - 1. Let j be (7 + -3)/(2/4). Let l(p) = p**3 - 9*p**2 + 9*p - 8. Let h be l(j). Determine u(h).
-4
Suppose 1 = 3*m + 10. Let y be (4/6)/(2/m). Let j(t) = -4*t**2 - t. Determine j(y).
-3
Suppose 2*j + 20 = -3*j. Let z = -7 - j. Let t = z - 2. Let w(f) = -f**2 - 7*f - 4. What is w(t)?
6
Let c(w) be the second derivative of -w**5/20 + w**4/6 - w**3/2 + 3*w**2/2 + 6*w. Calculate c(2).
-3
Let h(o) = -2*o. Let b be h(1). Let s(k) be the second derivative of 2*k**2 + 1/6*k**3 + 2*k + 0. What is s(b)?
2
Let c(v) = -4*v - 12. Let n(i) = 5*i + 13. Let l(o) = -6*c(o) - 5*n(o). Determine l(6).
1
Let a(m) = m**2 - 4*m. Let z = 7 + -5. What is a(z)?
-4
Let x(p) = -p - 2. Let q be x(1). Let j(m) = m**3 + 2*m**2 - 3*m + 4. Give j(q).
4
Suppose 7*t + 11 = -3. Let r(h) = h**2 - 2. Give r(t).
2
Let b(s) = 2*s - s**3 - s - 3*s**2 + 2*s**2 + 0*s. Determine b(0).
0
Let l be (-24)/42*63/(-6). Let p(f) be the first derivative of f**4/4 - 2*f**3 - 4*f - 1. Calculate p(l).
-4
Let o be (-3)/(2/((-8)/3)). Let a(c) = o - 3 + 2*c + 6 + 1. Let m be a(-6). Let f(l) = -l - 3. Determine f(m).
1
Let t(u) = u**3 - u**2 + 2*u - 4. Let q(v) = -2*v**3 + v**2 - 3*v + 8. Let a(f) = -4*q(f) - 7*t(f). Determine a(-4).
-12
Let k(i) = -i**2 + 4*i - 5. Let n(m) = m + 3. Let p be n(-5). Let w be (1/p)/(2/(-4)). Suppose w = -f + 5. What is k(f)?
-5
Let h(q) be the first derivative of -q**3/3 + 3*q**2 - 2*q - 1. Let u = 6 + -10. Let r(n) = -2*n - 3. Let k be r(u). Give h(k).
3
Let l = -15 - -17. Let i(f) = -9 + 2 + 9*f + 2*f**l - f**2 + 13. Calculate i(-6).
-12
Let z(l) = l**3 - 2*l**2 - l + 1. Let m(h) = -6*h**3 + 5*h**2 + 2*h - 7. Let p(k) = -m(k) - 5*z(k). Give p(-4).
6
Let s(z) be the second derivative of z**3/6 + z**2 - z + 33. What is s(2)?
4
Let r(k) = k - 2. Let g = 72 - 69. Give r(g).
1
Suppose 0 = 4*v - 3*o - 22, -v + 2*o - 3*o = -9. Let z(k) = -k + 6. What is z(v)?
-1
Let z(r) = r - 1. Suppose -9 = -3*f + 12. Let l be 0 + 0 + -2 + f. Suppose -k = 5*y + 20, 2*y + 34 = -l*k - y. Calculate z(k).
-6
Let d = -45 - -45. Let u(o) = 3*o + 2. Let h(m) = 4*m + 2. Let x(q) = 2*h(q) - 3*u(q). Let j be x(d). Let l(v) = v**3 + 3*v**2 + 2*v. Give l(j).
0
Let v(t) = t - 4. Let h(s) = -6*s + 16. Let k(p) = 2*h(p) + 9*v(p). Calculate k(-3).
5
Let j be 1*(-3 - -2)*(-21)/(-7). Let n(q) = q**3 + 2*q**2 - 2*q + 4. What is n(j)?
1
Let x be 18/(-45) + 64/10. Let k(b) = 5 + 5*b - 8*b**2 - 5*b**2 + x*b**2 + b**3. Calculate k(6).
-1
Let h(x) = x**3 + 7*x**2 + 7*x - 7. Suppose 4*r - 7 = 3*r. Let l be r*(-11)/(154/12). Determine h(l).
-13
Let u(c) = -3*c + 113. Let y be u(36). Let j(q) = -6*q + 4 + q**2 - 5*q**2 + 5*q**2. Give j(y).
-1
Let r(h) = 8*h - 3 - 4 - 9*h. Calculate r(-5).
-2
Let b be (17 - 14)*2/6. Let a(o) = -6*o**2 + 2*o - 1. Calculate a(b).
-5
Let z(q) = -5*q**3 + 7*q**2 - 24*q - 17. Let j(x) = 3*x**3 - 5*x**2 + 16*x + 11. Let k(w) = w + 3. Let p be k(-8). Let v(d) = p*z(d) - 8*j(d). Calculate v(-6).
9
Let u(y) = 5 + 11 + 5*y - 18 + 2*y**2. Give u(-4).
10
Suppose f - 42 = 3*f. Let u = f - -31. Let g(l) = 2*l**2 - 2*l**2 - u - l**2. Calculate g(0).
-10
Suppose 6 = -3*h, 2*g - g - 12 = 4*h. Suppose -6 = -0*m - 3*m. Let s(v) = 4*v + 6*v**2 - 4*v**m - 4 - 2*v**2 - v**3 + 3*v**2. Give s(g).
-4
Let a(n) = -6*n**2 - 4*n - 1. Let y(t) = 6*t**2 + 3*t + 1. Let h(i) = 3*a(i) + 4*y(i). Suppose 2*k + k + 3 = 0. Give h(k).
7
Suppose 3*d = -9, -38 = -5*t + d - 0*d. Let q(p) = -10*p**3 + p**2 - p - 1. Let f be q(-1). Let k = t - f. Let v(n) = -n**2 - 2*n + 4. Determine v(k).
-4
Let k = -66 + 94. Let a be (-3*1)/((-21)/k). Let p(j) = 3 + 0 - j - j. Determine p(a).
-5
Let d(h) = h - 1. Let i(q) = -1. Let u(c) = -d(c) + i(c). Let l(m) = m**2 - 1. Let y be l(-2). Determine u(y).
-3
Let t(q) = q**3 - 9*q**2 + 7*q + 10. Let k be t(8). Let m(f) = f**3 - 4*f**2 + 2. Calculate m(k).
-6
Let r(o) = o**3 - 5*o**2 + 0*o**2 + 7*o + 6 + 2 - 3*o**2. What is r(7)?
8
Let g(h) be the third derivative of h**8/1680 - h**7/5040 + h**6/720 - h**5/60 + h**2. Let z(c) be the third derivative of g(c). Calculate z(1).
12
Let b(n) = n - 6. Let w(d) = d**3 - 7*d**2 + 3*d - 3. Let q be w(7). Let o = -13 + q. Calculate b(o).
-1
Let l(m) = 2*m**2 - m - 2. Suppose 2*h - 5*h = 2*c - 10, 0 = 2*c - h - 2. Determine l(c).
4
Suppose -3*z = 2*u - 20 + 2, -3*z + 21 = 3*u. Suppose 0 = u*x + x - 20. Let c(o) = -o**2 + 5*o - 1. Give c(x).
-1
Let l(z) = -z**2 + z + 7. Let v(m) = -m + 2. Let d be v(-7). Let w be 2*d/(-6) + 3. Determine l(w).
7
Let o(f) = -10*f**3 + 11*f**2 - 10*f + 5. Let h(v) = 3*v**3 - 4*v**2 + 3*v - 2. Let l(j) = -7*h(j) - 2*o(j). Give l(6).
-2
Let g(i) = -i**2 + 1. Let m(f) = -5*f**2 + 5*f + 3. Let l(a) = -6*g(a) + m(a). Determine l(-4).
-7
Suppose -5*l = 4*q - 6, 3*q - 7 = -9*l + 4*l. Suppose 3*j + 5 = l. Let o = 4 + j. Let d(w) = w**3 - 2*w**2 - 2*w + 3. What is d(o)?
6
Let c = -1 - -2. Let s(r) = -5 - r - 2 - 1 + c. Calculate s(-3).
-4
Let t(i) = 3*i - 5 + 0 - 2*i + 2. Let r(q) = q + 3. Let m be r(2). Calculate t(m).
2
Let l(u) = -2*u**2. Let x be 2 - (-1 - 0/(-2)). Suppose v - n = -1 + 4, -n - 7 = -x*v. Let i = -3 + v. Calculate l(i).
-2
Let c(x) = x**3 - 6*x**2 - 7*x + 4. Let s(i) = i**2 + i - 1. Let v(d) = c(d) + 6*s(d). Determine v(-2).
-8
Let t(d) be the first derivative of 2*d**2 - 3*d - 20. What is t(2)?
5
Let w(h) be the first derivative of -1/2*h**2 - 2 + 4*h. Calculate w(6).
-2
Suppose 0 = y - 5 - 1. Suppose -y + 4 = -i. Suppose -s - s = i. Let n(x) = x**3 + x + 1. What is n(s)?
-1
Let i(f) = -f**2 + 12. Let u(q) = -5*q + 7. Let x(j) = 14*j - 21. Let c(d) = -17*u(d) - 6*x(d). Let b be c(-7). Determine i(b).
12
Let o(s) = -5*s**3 + 6*s**2 - 9*s + 1. Let p(i) = 2*i**3 - i**2 + i - 1. Let m(g) = o(g) + 3*p(g). Let t = -1 - 3. Calculate m(t).
6
Let g be (-2)/7 - 4/(-14). Suppose g*y + 4*y - 8 = 0. Let k(z) = 2*z - 2*z**y + 3*z**2 - 7 + z. Determine k(-5).
3
Let k(p) = 9*p - 1. Suppose 1 = r + 4. Give k(r).
-28
Let s(n) = n**3 + 6*n**2 + 6*n + 5. Suppose -3*t + a = 3*a + 18, -5*a - 7 = -2*t. Give s(t).
13
Let l(i) = i**2 + 2*i - 2 + 3 + i**3 + 0*i**3 + 4*i**2. Determine l(-5).
-9
Let p(a) = a**3 + 5*a**2 - 6*a + 5. Let b be p(-6). Suppose -b*s + 16 - 1 = 0. Let c(g) = g**2 - 3*g - 4. Calculate c(s).
-4
Let y be (0 + -3)/3 - -3. Let d(k) = y*k**2 + 22 - k**3 + 2*k - 22. Calculate d(2).
4
Let l(p) = -p - 2. Let v = 44 - 51. Give l(v).
5
Let h(a) = a**3 - 7*a**2 + 8*a - 5. Let b = 13 + -7. Give h(b).
7
Let w(n) = 7*n**3 - 12*n**2 + 6*n. Let r(i) = -15*i**3 + 25*i**2 - 12*i + 1. Let x(u) = -6*r(u) - 13*w(u). Let l = 13 - 8. Calculate x(l).
-11
Let n = -7 - -11. Let i be (-3 + 14/8)*n. Let q(b) = b**3 + 4*b**2 - 4*b - 6. Determine q(i).
-11
Let x(k) = k**3 + 5*k**2 - 3*k + 4. Let u(f) = 4*f**3 - f**2 - 1. Let h be u(-1). Determine x(h).
-14
Let f(c) = -12*c + 1. Let m(o) = o**3 - 8*o**2 + 2*o - 17. Let s be m(8). What is f(s)?
13
Let p be ((2 - 3)*1)/(-1). Let t(a) = -a**2 - 8*a - 5. Let j be t(-7). Let r(i) = 0*i + 0*i - 6*i**j + i**2. Determine r(p).
-5
Let j(p) = 2*p**2 - 5*p + 3. Suppose -24 = -5*w - 4. Determine j(w).
15
Let x = 14 + -12. Let p(a) = -a**2 - 4 - a**x + a**2 - a. What is p(0)?
-4
Let y(n) = 3*n**2 + n - 2. Let d be ((-12)/(-18))/((-4)/(-6)). Let z be 4 + -1 + d + 0. Let s be 24/(-10) - z/(-10). Calculate y(s).
8
Suppose -3*m = -5*y - 4, 4*y + 2*m - 3 - 7 = 0. Let f = y - -5. Let i(g) = -g + 6. What is i(f)?
0
Let f(k) be the first derivative of -3/2*k**2 + 0*k + 1/3*k**3 - 7. Determine f(3).
0
Let j(m) = -m**2 + m + 1. Let c(i) = -i**2 + i + 8. Let d(y) = -c(y) + 5*j(y). Determine d(2).
-11
Let s = 39 - 34. Suppose 0 = -5*a + 12 + 28. Let d = a - s. Let c(v) = v**3 - 3*v**2 + 2*v - 2. Give c(d).
4
Suppose -3*c + 16 = 3*k - c, 0 = 5*c - 10. Let b(n) = -14*n + 20*n - 2 - k*n**2 - 10*n - 3*n**3. Determine b(-2).
14
Let n(a) be the first derivative of -3*a